 base 13, what is 0 + 208?
208
In base 11, what is 3 - -125?
128
In base 6, what is 2 - -3350?
3352
In base 5, what is 222 + 1011?
1233
In base 16, what is -59 - -4?
-55
In base 4, what is 11223 - 11?
11212
In base 12, what is -4 - 5b?
-63
In base 8, what is 2050 + 0?
2050
In base 16, what is -58 + 5?
-53
In base 9, what is 3 + -344?
-341
In base 10, what is 2 - 30?
-28
In base 4, what is -2110010 - 1?
-2110011
In base 6, what is -1 - 445?
-450
In base 6, what is 1 + 44?
45
In base 4, what is 10 - -10313?
10323
In base 3, what is -22121 - 222?
-100120
In base 9, what is 855 + 31?
886
In base 5, what is -234 - 2010?
-2244
In base 7, what is -6 + -3445?
-3454
In base 14, what is -5 - -1a24?
1a1d
In base 3, what is -1222 + 11?
-1211
In base 13, what is 176 + -7?
16c
In base 2, what is 10110001111 + 101?
10110010100
In base 11, what is -15 - -1a?
5
In base 15, what is 1b + -2?
19
In base 15, what is dc + 4?
e1
In base 14, what is -3 - -60?
5b
In base 6, what is -5 - 151?
-200
In base 16, what is -4 - -e4?
e0
In base 9, what is 26 + -10?
16
In base 10, what is 4 + -2?
2
In base 10, what is -16 + 22?
6
In base 15, what is 240 - -3?
243
In base 6, what is -511 + -2?
-513
In base 11, what is -4 + 32?
29
In base 12, what is 89 - 0?
89
In base 9, what is -18 - 0?
-18
In base 5, what is 1031212 - -10?
1031222
In base 9, what is -3 + -126?
-130
In base 6, what is -525 + 4?
-521
In base 5, what is 24402 + 4?
24411
In base 12, what is 130 + -2?
12a
In base 7, what is 122 - -4?
126
In base 11, what is -84 + -29?
-102
In base 3, what is 202122010 + -11?
202121222
In base 13, what is -4 - 120?
-124
In base 4, what is 200 - 1?
133
In base 13, what is -4 + 106?
102
In base 3, what is -202011122 - -12?
-202011110
In base 13, what is 3 - 463?
-460
In base 15, what is 3 - 53d?
-53a
In base 14, what is -2 + -366?
-368
In base 8, what is 3 + 5204?
5207
In base 16, what is -4 - 21b?
-21f
In base 5, what is -31 - 12441?
-13022
In base 14, what is -17 + -d?
-26
In base 15, what is 4d + -15?
38
In base 8, what is -25 + -336?
-363
In base 8, what is 12 - -17?
31
In base 15, what is 29 - 24?
5
In base 2, what is 101100011100 + -11?
101100011001
In base 12, what is 847 - 2?
845
In base 6, what is 1423 - -2?
1425
In base 12, what is 24 + 6?
2a
In base 16, what is 10 - 0?
10
In base 15, what is -1a74 + 2?
-1a72
In base 7, what is 2536 + -21?
2515
In base 3, what is 2112 - -210?
10022
In base 3, what is 102110 - -10?
102120
In base 16, what is 2f - -14?
43
In base 4, what is -10002331 + 2?
-10002323
In base 12, what is -12 + 8b?
79
In base 2, what is -101 - -11111001110?
11111001001
In base 16, what is 4 - 34?
-30
In base 2, what is -1001011 - -1100?
-111111
In base 8, what is 2110 - -4?
2114
In base 3, what is 2111 + 1?
2112
In base 9, what is 128 - 21?
107
In base 11, what is 46 + 0?
46
In base 9, what is 2610 + 3?
2613
In base 6, what is 0 - -1245?
1245
In base 11, what is -1 + 36?
35
In base 15, what is -179 + -3?
-17c
In base 12, what is 166 + 4?
16a
In base 16, what is -c5 - -7?
-be
In base 2, what is 1 + -11110?
-11101
In base 9, what is 418 - -6?
425
In base 9, what is -1501 - -6?
-1484
In base 16, what is -a8 - -9?
-9f
In base 12, what is -234 - -16?
-21a
In base 10, what is 122 + 17?
139
In base 13, what is -13 + -1c?
-32
In base 14, what is -3 - -97?
94
In base 13, what is 4 + 145b?
1462
In base 13, what is 1a4 + 0?
1a4
In base 11, what is -164 + -a0?
-254
In base 14, what is 11 - 281?
-270
In base 15, what is 58 + 2a?
83
In base 9, what is 131 - 0?
131
In base 8, what is -141 - 1?
-142
In base 4, what is 313001 - 1?
313000
In base 10, what is -13 - -132?
119
In base 11, what is -5 - 83?
-88
In base 15, what is -2a - 15?
-40
In base 16, what is -3f8 + 8?
-3f0
In base 3, what is 2100 + -11?
2012
In base 16, what is 2 + -d?
-b
In base 12, what is 1b4 + -4?
1b0
In base 5, what is -3310 - -4?
-3301
In base 2, what is 11010 - 0?
11010
In base 16, what is -1d0 + 5?
-1cb
In base 2, what is -1000110000 - 10?
-1000110010
In base 14, what is -10 - 0?
-10
In base 2, what is -101100001 + -11?
-101100100
In base 11, what is -170 - -9?
-162
In base 2, what is 11101001110 - -100?
11101010010
In base 9, what is -10 + 8?
-1
In base 11, what is -31 - 17?
-48
In base 9, what is -327 - 25?
-353
In base 5, what is -13 - 131?
-144
In base 9, what is -365 - -6?
-358
In base 2, what is -10 - -10101010011?
10101010001
In base 5, what is -322301 - 0?
-322301
In base 12, what is 22 + -179?
-157
In base 7, what is 136 + 204?
343
In base 14, what is -1574 + -3?
-1577
In base 6, what is 112 + 2?
114
In base 6, what is -21112 - -4?
-21104
In base 14, what is -423 + -2?
-425
In base 9, what is 2 + -666?
-664
In base 9, what is -5 - 21?
-26
In base 3, what is 202122 + -1?
202121
In base 2, what is 11010000010 - -101?
11010000111
In base 13, what is -4 + 56?
52
In base 4, what is 11322 - 11?
11311
In base 7, what is -3436 - -16?
-3420
In base 13, what is 7b - -4?
82
In base 8, what is 3 - -461?
464
In base 5, what is 303 + -12?
241
In base 4, what is 20012 + -12?
20000
In base 8, what is -100 - 2?
-102
In base 10, what is 84 - 1?
83
In base 15, what is -4 - -49?
45
In base 13, what is -5 + 9b5?
9b0
In base 14, what is 520 - 2?
51c
In base 13, what is -2 + 6a?
68
In base 7, what is -12 + -1123?
-1135
In base 7, what is 0 + 15?
15
In base 15, what is 31e + -3?
31b
In base 8, what is -727 + -4?
-733
In base 3, what is -1202 + -12?
-1221
In base 6, what is -15430 + 2?
-15424
In base 11, what is 3 - -112?
115
In base 8, what is 21 - 30?
-7
In base 12, what is 12 + -5?
9
In base 7, what is -24 + -44?
-101
In base 11, what is 4 - -29?
32
In base 10, what is -734 + 3?
-731
In base 7, what is -163 + -244?
-440
In base 6, what is -345 + 0?
-345
In base 9, what is -383 + -1?
-384
In base 16, what is -c7 - 4?
-cb
In base 14, what is -29 + -2?
-2b
In base 2, what is 10 - -10010010?
10010100
In base 14, what is -234 + c?
-226
In base 10, what is -115 - -75?
-40
In base 3, what is 1 - -120100?
120101
In base 10, what is 1 - 1?
0
In base 14, what is a8 + -8?
a0
In base 10, what is 16889 - 3?
16886
In base 14, what is 3 + -7?
-4
In base 9, what is -11 - -1347?
1336
In base 6, what is 30052 - 1?
30051
In base 4, what is 20 + 2032?
2112
In base 16, what is 19b + -1a?
181
In base 4, what is 10 - 1023?
-1013
In base 12, what is 1 - 110?
-10b
In base 7, what is 154 - 356?
-202
In base 13, what is -30 - 24?
-54
In base 7, what is 3 - 435?
-432
In base 12, what is -3 + 3?
0
In base 4, what is -221200 + 12?
-221122
In base 7, what is -152263 - -4?
-152256
In base 5, what is 42 - -3?
100
In base 9, what is 12661 + 5?
12666
In base 6, what is 144 - 3?
141
In base 7, what is -5 - -155?
150
In base 7, what is 11 - -63?
104
In base 6, what is 11102 - -2?
11104
In base 7, what is 5 - -416?
424
In base 10, what is 13 + 2?
15
In base 11, what is 13 - 11?
2
In base 4, what is 3 - 10?
-1
In base 11, what is 3 - 1006?
-1003
In base 8, what is -4 + 7?
3
In base 5, what is -1 + -1233?
-1234
In base 15, what is 5 - 632?
-62c
In base 7, what is -2005 + -1?
-2006
In base 12, what is -11 + 40?
2b
In base 16, what is -3 - a1c?
-a1f
In base 4, what is -120 - 103?
-223
In base 11, what is 131 + 66?
197
In base 9, what is 4 + 170?
174
In base 10, what is 1062 - 2?
1060
In base 2, what is 1011010 + 100?
1011110
In base 8, what is 430 + 7?
437
In base 2, what is 100001 + 100?
100101
In base 3, what is -110011 - -12?
-102222
In base 5, what is -2223 + 3?
-2220
In base 6, what is 21334 - -5?
21343
In base 10, what is 3 - 9?
-6
In base 4, what is -11 + -123112?
-123123
In base 8, what is -211 + -1?
-212
In base 10, what is 137 - 4?
133
In base 2, what is 11 - -100000?
100011
In base 9, what is -21272 + 0?
-21272
In base 5, what is -2 + -413?
-420
In base 2, what is 1010100110110 + -10?
1010100110100
In base 7, what is -2 - 240?
-242
In base 7, what is -10 + -21?
-31
In base 15, what is -264 + -4?
-268
In base 7, what is -30401 + 0?
-30401
In base 6, what is 220 + -2?
214
In base 10, what is 221 + -2?
219
In base 13, what is -17b7 + 3?
-17b4
In base 14, what is -1 - -1d?
1c
In base 4, what is -100 + -1300?
-2000
In base 9, what is 212 + -7?
204
In base 8, what is -6 - 5?
-13
In base 14, what is d8 - -5?
dd
In base 4, what is -213332 - 2?
-220000